. What are the prime factors of v?
3
List the prime factors of 3/(-54)*-202 + 12/(-54).
11
Let h be (2 - 2 - -1) + -1. Suppose a = -h*a + 4. Suppose 4*s + 16 = 2*z, -z + 9 = a*s - 5. What are the prime factors of z?
2, 5
Suppose 3*d = 6, 5*l - 364 - 383 = -d. List the prime factors of l.
149
Suppose 0 = -5*u + 200 + 120. List the prime factors of u.
2
Let f(a) = -4*a**3 - 2*a**2 + 1. Let c be f(-1). List the prime factors of c + -4 - 0 - -16.
3, 5
Suppose -4*u + 75 = -5*j - 114, u - 36 = -j. What are the prime factors of u?
41
Let t(b) = 3*b**2 - b + 22. List the prime factors of t(-6).
2, 17
Let g = -60 - -90. Let q = 1 + g. What are the prime factors of q?
31
Suppose 0 = 4*k - 2*k - 64. List the prime factors of k.
2
Let j = 3 - 3. Suppose j = n - 1 - 2. List the prime factors of n.
3
Suppose -r + 15 = 4*r. Let a be (-17)/(r + (-10)/4). Let p = -21 - a. What are the prime factors of p?
13
Let a = -100 + 156. List the prime factors of a.
2, 7
Let m be 0*(15/6 + -2). Let v = m - -8. Suppose v*x - 68 = 4*x. List the prime factors of x.
17
Suppose 5*z + 1 = 16. Suppose -q - 3*m = -29, z*q - 15 - 72 = 5*m. List the prime factors of q.
29
Let o(q) = -q**3 - 7*q**2 - 7*q - 3. What are the prime factors of o(-7)?
2, 23
Let p(t) = 2*t**2 + 2*t - 1. Let x be p(3). Let f(v) = v - 1. Let n be f(-4). Let u = n + x. What are the prime factors of u?
2, 3
Let b(a) = -a**3 + 7*a**2 - 4*a + 8. Let y be b(6). Let i = y - 12. List the prime factors of i.
2
Suppose 5*v - p = 30, 4*v = -3*p + 28 - 4. List the prime factors of v.
2, 3
Suppose 28 = 2*q + v - 3*v, -3*v - 6 = 0. List the prime factors of q.
2, 3
Suppose -4*y - 22 = 2*w, 0 = -w - 2 - 3. Let q be -2*(0 - (y + 0)). List the prime factors of 13 + -2*q/4.
2
Let g be ((0 - -50) + -4)*1. Let t = g - 32. What are the prime factors of t?
2, 7
What are the prime factors of -6 + (2 - -2) + 207?
5, 41
Suppose 4*o = 2*a + a - 29, 3*o + 21 = 2*a. List the prime factors of a/(-4)*(0 + -24).
2, 3
Let k be 4 - (4 + 2) - -8. Suppose 20 - k = 7*s. What are the prime factors of s?
2
List the prime factors of 1704/28 + 2/14.
61
Suppose 283 = 3*a + u, 0*u = -a - 2*u + 91. Suppose 0*g = g + 2, 5*y + 5*g - a = 0. List the prime factors of y.
3, 7
Let t = 4 - 2. Suppose -5*l + 4 = -3*w, -t*l - l + 8 = -w. List the prime factors of w.
7
What are the prime factors of ((-38)/(-6))/(1/3)?
19
Let i(h) = 14*h**2 + 1. Let o be i(-1). Suppose -o = w - 6*w. List the prime factors of (2 + w)*(-2)/(-2).
5
Suppose j - 4*j = -900. What are the prime factors of j?
2, 3, 5
Let k be (276/8)/((-3)/(-12)). Let h = k - 79. What are the prime factors of h?
59
Let y = -104 + 164. What are the prime factors of y?
2, 3, 5
Let n be 2*7/(28/32). List the prime factors of ((-90)/(-24))/(6/n).
2, 5
Let c(r) = r - 2. Let d be c(4). Suppose -6 + 32 = d*h. What are the prime factors of h?
13
Let v = 53 - -35. What are the prime factors of v?
2, 11
Let m(s) = -s**3 - 3*s**2 + 3*s - 1. Let k be m(-4). Suppose 11 + k = 2*p. What are the prime factors of p?
7
Suppose 5 = u + 2. Suppose m = 7 - u. List the prime factors of (10/m)/(-5)*-18.
3
What are the prime factors of (-4)/(6/3) - -18?
2
Let h(d) = d - 1. What are the prime factors of h(10)?
3
Let u = 26 + 6. What are the prime factors of u?
2
What are the prime factors of (4011/(-63))/(1/(-3))?
191
Let g be 2 + (3 + 10 - 0). Suppose -g = -3*s + 12. What are the prime factors of s?
3
Let l(u) = u - 2. Let a be l(7). What are the prime factors of (-4)/a*(-25)/10?
2
Let t = -4 - -9. Suppose -t*c + 4*v + 2 + 32 = 0, -2*v + 10 = 2*c. List the prime factors of c.
2, 3
What are the prime factors of (-434)/(-12) - (-14)/(-84)?
2, 3
Let n = 35 + -18. What are the prime factors of n?
17
Suppose c + 2*u + 3 = 0, -2*u = 3 - 1. Let a be -3 - (0 + c) - -30. Suppose -y = -2*t + a, -4*y = -2*t + t + 28. What are the prime factors of t?
2, 3
Let q(n) = 6*n - 29. What are the prime factors of q(14)?
5, 11
Suppose -595 = -2*x - 3*x. What are the prime factors of x?
7, 17
Suppose 3*u + 0 = -3. Let b = -1 + u. Let v = 0 - b. List the prime factors of v.
2
Suppose -3*r + 3*a + 33 = 0, 42 = 3*r + 5*a - 7. What are the prime factors of r?
13
Let z be -1*(5 - -2) + 1. Let k = 17 - z. List the prime factors of k.
23
Let w(o) = o**3 - 2*o**2 + 11*o - 20. List the prime factors of w(4).
2, 7
Let v = 7 - 3. Suppose -2*o - 4 = 0, n + 6 = -o - v*o. What are the prime factors of n?
2
List the prime factors of (-921)/(-12) + 1/4.
7, 11
Suppose -3*v - 2*t - 3*t + 31 = 0, -4*v - 4*t = -28. Let p(q) = q**3 - q**2 + 2*q - 2. List the prime factors of p(v).
2, 3
Let r(d) = -34*d**2 + 1. Let q be r(-1). Let w = -19 - q. Suppose -4*g = -w - 30. What are the prime factors of g?
11
Suppose -5*i + v + 8 = 2, 0 = -2*i + v. Let m be 1 - (49 - i)*-1. Suppose -3*r = r - m. List the prime factors of r.
2, 3
Let g(l) = -31*l**2 + 1. Let y be g(1). Let n be (-215)/y - 1/6. Let b(r) = r + 2. List the prime factors of b(n).
3
Suppose -r - 3*r = 3*s - 1038, 0 = -5*r + 15. What are the prime factors of s?
2, 3, 19
Let i = 14 - 12. Suppose -5*m + 26 - 6 = 0, -i*g + 4*m - 2 = 0. What are the prime factors of g?
7
What are the prime factors of (148/6)/(2 + 22/(-12))?
2, 37
Let y be 6/15 - (-8)/5. Let x be (2 - 4)/(y/(-4)). Suppose -x*t + 3*a + 20 = -25, 3*t + 2*a - 38 = 0. What are the prime factors of t?
2, 3
Suppose 6*w + 4 = 2*w. What are the prime factors of 1*w*(-7 - -5)?
2
Let c = 3 + 1. Let q = c - -11. List the prime factors of q.
3, 5
Let l = 86 - 0. What are the prime factors of l?
2, 43
Let u = -4 - -7. Suppose 5*o - n = 61, -u*o = 2*n - 32 - 2. List the prime factors of o.
2, 3
What are the prime factors of ((-9)/(-12))/(3/12)?
3
Let o(y) = 6*y**2 + y. Let x be o(-1). Let p(n) = -3*n - 5. Let l be p(-6). Suppose -4*v = -2*i + 12, -5*i + 3*i + l = -x*v. List the prime factors of i.
2
Let q(h) = -h**3 - 4*h + 1. Suppose -l - 12 = 3*l. Let c be q(l). Suppose -5*w + w = -c. What are the prime factors of w?
2, 5
Let j(s) = -7*s**2 + 11*s + 5. Let m(i) = i**2 - i - 1. Let p(g) = j(g) + 6*m(g). Let f be p(2). What are the prime factors of f + -2 - 1 - -12?
2, 7
Let n(b) = -b**2 + 9*b - 4. Let f be n(8). Suppose -5 + 269 = -f*k. What are the prime factors of 106/22 - 12/k?
5
Let w be 2 - (-24 + 3 + 0). Let u = w - 12. List the prime factors of u.
11
What are the prime factors of 6/(-33) - 1495/(-55)?
3
Suppose -z = 3*p + 17, 5*p + 17 = z + 3*z. Let l = 9 + p. Suppose -2*t + 2*h + l = 0, 2*t + 4*h - 5 = -1. What are the prime factors of t?
2
Let r(f) = f**3 - 4*f**2 - 2. Let j be r(6). Suppose 0 = -2*b - 3*b + j. What are the prime factors of 1/2 - (-217)/b?
2
Let u(c) = c**3 + 6*c**2 - 8*c + 9. Let j be u(-7). Suppose -2*h + 20 = -j. What are the prime factors of h?
2, 3
Suppose -4*u + u + 15 = -3*h, 5*h + u + 37 = 0. Let j = h + 11. List the prime factors of (11/j)/((-1)/(-4)).
11
Let d(m) = 3*m - 1. Let n = 5 - 4. Let v be d(n). Suppose -3*k + v*k + 8 = 0. List the prime factors of k.
2
Let r(s) = -s**3 - 4*s**2 - 5*s - 4. Let q be r(-3). Suppose 7*p - 95 = q*p. List the prime factors of p.
19
Let u = 3 - 0. Let o(p) = -4 - p + 3*p**2 + p - p**3 + 4*p + 0. List the prime factors of o(u).
2
Let d(u) = 6*u**2 + 8. Suppose s + 0*s + z = 8, 4*s - z = 22. Let k(o) = -7*o**2 - 9. Let y(l) = s*d(l) + 5*k(l). What are the prime factors of y(3)?
2, 3
Let g(j) = -j**3 + 3*j**2 + 4*j + 4. Let z be g(4). Let a = 1 - z. What are the prime factors of a/((-18)/28)*3?
2, 7
Suppose o + 10 = 4*b, -2*o + 10 = -0*b + 2*b. Suppose -r + 4*m = -17, 2*r = -8*m + b*m - 18. Let s(q) = 7*q**2 - q + 1. List the prime factors of s(r).
7
Let f = -47 - -72. List the prime factors of f.
5
Let s(k) = k**2 + 2*k - 3. Let m be s(2). Let a(o) = -o**3 + 7*o**2 - 7*o + 3. List the prime factors of a(m).
2, 3
Suppose 0 = -4*k - 4*v + 27 + 105, 5*v - 25 = -k. What are the prime factors of 2/(-10) + 427/k?
2, 3
Suppose 4*d + 2*b - 12 = 0, -2*b + 7 - 1 = d. What are the prime factors of -1*(0 - 30)/d?
3, 5
Let n = 10 - 4. Suppose -n*c + 2*c + 72 = 0. Suppose -46 = -4*i + c. What are the prime factors of i?
2
What are the prime factors of 8/(-28) - 506/(-7)?
2, 3
Let g be 119/(-6) - 2/12. Let m = 36 + g. List the prime factors of m.
2
Let j(z) = 6*z. List the prime factors of j(9).
2, 3
Let g